 what is -34112 + -3?
-34120
In base 7, what is 5 + -23?
-15
In base 8, what is -2 - 11474?
-11476
In base 11, what is -137 - 8?
-144
In base 5, what is 414 - 221?
143
In base 13, what is -70 - 13?
-83
In base 9, what is 4 - 1032?
-1027
In base 4, what is 101230 - -2?
101232
In base 6, what is -5343 + 0?
-5343
In base 2, what is -11100110110010 + 0?
-11100110110010
In base 4, what is -1200 - 13?
-1213
In base 11, what is -933 + -3?
-936
In base 11, what is -12844 + -5?
-12849
In base 16, what is -22a + 2?
-228
In base 6, what is 3345 - -33?
3422
In base 14, what is -36 - -3?
-33
In base 15, what is 6 - -2ca?
2d1
In base 13, what is -67 - -11?
-56
In base 8, what is 0 - -4300?
4300
In base 6, what is -2214 + -5?
-2223
In base 5, what is 1 + -340?
-334
In base 7, what is 156 - 34?
122
In base 3, what is 10 + 10112?
10122
In base 8, what is -1 - -27?
26
In base 11, what is -90 + 2a2?
212
In base 12, what is -5 - 436?
-43b
In base 16, what is -11 + -72?
-83
In base 6, what is -25 - -430?
401
In base 15, what is -26d6 + -4?
-26da
In base 12, what is -317 - 2?
-319
In base 13, what is 45 + 69?
b1
In base 16, what is -55a + 2?
-558
In base 11, what is -18a - 62?
-241
In base 14, what is -6 - 2b5?
-2bb
In base 15, what is c2 - -a?
cc
In base 11, what is -25 + -186?
-200
In base 2, what is 1100100 + -1100?
1011000
In base 7, what is 120 - 235?
-115
In base 9, what is 2 + 221?
223
In base 11, what is -9 - -89?
80
In base 16, what is -3 + 77?
74
In base 12, what is -1 + 47b?
47a
In base 9, what is 1 - -12?
13
In base 4, what is -132 + -12?
-210
In base 3, what is 1210022 - -1?
1210100
In base 11, what is 0 - 33?
-33
In base 8, what is 14 - 5?
7
In base 2, what is 11100011 + 110?
11101001
In base 6, what is 10421 - -5?
10430
In base 3, what is -202211 + 0?
-202211
In base 11, what is 2268 + 3?
2270
In base 14, what is 2 - -65?
67
In base 2, what is 100 - -101111010?
101111110
In base 10, what is -2074 + 0?
-2074
In base 11, what is 182 + -8?
175
In base 9, what is -674 - -4?
-670
In base 12, what is -38 + 14?
-24
In base 5, what is 2 + 111103?
111110
In base 4, what is -2001 - 3?
-2010
In base 11, what is -14a - -3?
-147
In base 2, what is -10110 + 110?
-10000
In base 10, what is 3 - -452?
455
In base 8, what is -26 + 125?
77
In base 12, what is 484 - -6?
48a
In base 9, what is -36 + 14?
-22
In base 3, what is 10 - 10102?
-10022
In base 13, what is 18 + 1?
19
In base 5, what is -4 - 120034?
-120043
In base 6, what is -2 + -35?
-41
In base 14, what is 2 - 256?
-254
In base 14, what is -5 + -88?
-8d
In base 3, what is 101201 - -12?
101220
In base 13, what is 22 + 0?
22
In base 14, what is -54 + -171?
-1c5
In base 15, what is -4b + 2?
-49
In base 14, what is 0 - -831?
831
In base 15, what is e + -2?
c
In base 11, what is -21 + 39?
18
In base 11, what is -252 + -5?
-257
In base 2, what is 0 - -10000?
10000
In base 2, what is 1100 - 101?
111
In base 2, what is 10101 - -100000?
110101
In base 11, what is -4 + 649?
645
In base 16, what is -5 - a?
-f
In base 7, what is 121 - -4?
125
In base 12, what is 2 + -652?
-650
In base 8, what is 1 + 562?
563
In base 8, what is 7 - -1322?
1331
In base 2, what is -11100010 - -1?
-11100001
In base 12, what is 5 - -220?
225
In base 3, what is -121 - -21?
-100
In base 14, what is 114c - -6?
1154
In base 7, what is 30 + -11?
16
In base 11, what is 3a02 + -4?
39a9
In base 10, what is 1 + -5871?
-5870
In base 3, what is 1 - 10022022?
-10022021
In base 11, what is 21 + 6?
27
In base 14, what is -19 - 5?
-20
In base 14, what is -611 - 1?
-612
In base 9, what is -416 + -1?
-417
In base 6, what is 240 - -23?
303
In base 12, what is -1262 - 2?
-1264
In base 11, what is 33 + 4?
37
In base 6, what is 2 - 20400?
-20354
In base 8, what is -27543 - -1?
-27542
In base 13, what is 5 - -3132?
3137
In base 16, what is -3 - 4c?
-4f
In base 4, what is -203 - -100?
-103
In base 4, what is -2 + -30102?
-30110
In base 3, what is -2 - -20012?
20010
In base 10, what is -1 - 60?
-61
In base 5, what is 23132 - 0?
23132
In base 12, what is -3 - 1?
-4
In base 9, what is -1614 + -4?
-1618
In base 16, what is -36ab + 3?
-36a8
In base 11, what is -10638 + 4?
-10634
In base 10, what is 8 - -688?
696
In base 8, what is 3 - -32?
35
In base 3, what is 11 + 11120102?
11120120
In base 3, what is 1020 - -201?
1221
In base 9, what is -22 - 4?
-26
In base 16, what is -8 + f?
7
In base 16, what is 0 - 886?
-886
In base 7, what is 16 - 21?
-2
In base 5, what is 40343 - -14?
40412
In base 16, what is -9 - 1?
-a
In base 13, what is -6 + 1a?
14
In base 15, what is -18 + a?
-d
In base 12, what is -1 + 60?
5b
In base 12, what is -3 + 43?
40
In base 10, what is -1626 + -4?
-1630
In base 15, what is 4 - -579?
57d
In base 10, what is 1041 - -6?
1047
In base 7, what is 21223 + -3?
21220
In base 12, what is 690 + 2?
692
In base 13, what is 29 + 2?
2b
In base 6, what is 1003 + 5?
1012
In base 5, what is 2 + 142?
144
In base 2, what is 111101010111 + -101?
111101010010
In base 8, what is 5 - -523?
530
In base 14, what is 8 + -2c?
-24
In base 9, what is 4 + 4401?
4405
In base 2, what is 11 - 101111110?
-101111011
In base 16, what is -e9 - -1?
-e8
In base 12, what is -29 - 0?
-29
In base 4, what is -1 - 21?
-22
In base 6, what is 44 + 3?
51
In base 16, what is 24b + -2?
249
In base 13, what is 20a - -5?
212
In base 16, what is -35 + 5?
-30
In base 14, what is -2 - -48?
46
In base 13, what is 4 - -16a?
171
In base 3, what is 11 + -20102?
-20021
In base 8, what is 7 - 37?
-30
In base 13, what is -4157 + -2?
-4159
In base 12, what is 490 - -13?
4a3
In base 10, what is -368 - -9?
-359
In base 9, what is 20 - -3?
23
In base 12, what is b + 1a?
29
In base 14, what is 1b8 - -2?
1ba
In base 11, what is 157 + -5?
152
In base 14, what is d5 - 3?
d2
In base 12, what is -23a - -9?
-231
In base 3, what is 102 + -102122?
-102020
In base 15, what is 184 + 0?
184
In base 12, what is 1 - -41?
42
In base 3, what is 100 + 1122?
1222
In base 13, what is -148 - 1?
-149
In base 12, what is -b9 + -2?
-bb
In base 7, what is 4 + -2134?
-2130
In base 8, what is 4 + 43?
47
In base 12, what is 681 - -3?
684
In base 9, what is 222 + 13?
235
In base 3, what is -101 - -2201102?
2201001
In base 12, what is -57 + 67?
10
In base 5, what is 1340 + 310?
2200
In base 7, what is 12 + 134?
146
In base 15, what is 10 + 4?
14
In base 14, what is c04 + 3?
c07
In base 3, what is 2 - -100?
102
In base 11, what is -11769 - -5?
-11764
In base 11, what is -5 + -20?
-25
In base 7, what is -52 - 1?
-53
In base 3, what is 0 + 20121?
20121
In base 3, what is 11200 + 10?
11210
In base 8, what is 261 - 61?
200
In base 12, what is -5 + -50?
-55
In base 12, what is b5 - -6?
bb
In base 3, what is -2 + -11110?
-11112
In base 11, what is -2 + 261?
25a
In base 10, what is -1 - 397?
-398
In base 12, what is 15 - 42?
-29
In base 6, what is -31341 - 4?
-31345
In base 14, what is -2 + -b?
-d
In base 14, what is -1c9 + -2?
-1cb
In base 2, what is 10000 - -100111110?
101001110
In base 8, what is -24 - 267?
-313
In base 16, what is b - 16?
-b
In base 13, what is 621 + -2?
61c
In base 12, what is 1 - 7b?
-7a
In base 8, what is 67 + -3?
64
In base 11, what is -89 + 121?
43
In base 2, what is -11 - 10110?
-11001
In base 10, what is -10 + 8?
-2
In base 4, what is 211 + -112?
33
In base 4, what is 0 - -322?
322
In base 5, what is -210 + -1?
-211
In base 12, what is -3 - -270?
269
In base 11, what is -1a60 - 1?
-1a61
In base 13, what is -2a - -8?
-22
In base 14, what is -9 - 10d?
-118
In base 13, what is -51c + 1?
-51b
In base 5, what is -1 + -1323?
-1324
In base 2, what is 10 - 101?
-11
In base 8, what is 306 - 24?
262
In base 9, what is -14363 - 5?
-14368
In base 2, what is -11 - 10100?
-10111
In base 14, what is 89 + 24?
ad
In base 5, what is -11 + -200?
-211
In base 14, what is 2 - -bd?
c1
In base 12, what is -2 + 31?
2b
In base 7, what is -133 + -3?
-136
In base 15, what is 5 - -179?
17e
In base 12, what is -371 + 1?
-370
In base 13, what is -28 + 20?
-8
In base 8, what is -2676 - 2?
-2700
In base 8, what is 3 - 531?
-526
In base 3, what is 20 - 11?
2
In base 10, what is -1 - 228?
-229
In base 2, what is -11000010100 - -1?
-11000010011
In base 15, what is -51 - 4?
-55
In base 16, what is 1 - -1a6?
1a7
In base 5, what is 23 - -22?
100
In base 1